{"id":1401,"date":"2022-03-13T15:35:26","date_gmt":"2022-03-13T14:35:26","guid":{"rendered":"http:\/\/www.alvaroperdices.com\/en\/?page_id=1401"},"modified":"2022-12-20T22:57:21","modified_gmt":"2022-12-20T21:57:21","slug":"mirror-and-kingdom-ornament-and-state","status":"publish","type":"page","link":"http:\/\/www.alvaroperdices.com\/en\/mirror-and-kingdom-ornament-and-state\/","title":{"rendered":"Mirror and Kingdom \/ Ornament and State"},"content":{"rendered":"<p>[et_pb_section fb_built=\u00bb1&#8243; _builder_version=\u00bb4.16&#8243; _module_preset=\u00bbdefault\u00bb custom_margin=\u00bb60px|0px|80px|35px|false|false\u00bb custom_padding=\u00bb0px|0px|0px|0px|false|false\u00bb global_colors_info=\u00bb{}\u00bb][et_pb_row _builder_version=\u00bb4.16&#8243; _module_preset=\u00bbdefault\u00bb width=\u00bb100%\u00bb max_width=\u00bb2560px\u00bb custom_margin=\u00bb0px|0px|0px|0px|false|false\u00bb custom_padding=\u00bb0px|0px|0px|0px|false|false\u00bb global_colors_info=\u00bb{}\u00bb][et_pb_column type=\u00bb4_4&#8243; _builder_version=\u00bb4.16&#8243; _module_preset=\u00bbdefault\u00bb global_colors_info=\u00bb{}\u00bb][et_pb_text _builder_version=\u00bb4.16&#8243; _module_preset=\u00bbdefault\u00bb custom_margin=\u00bb0px|0px|0px|0px|false|false\u00bb custom_padding=\u00bb0px|0px|0px|0px|false|false\u00bb global_colors_info=\u00bb{}\u00bb]<\/p>\n<h3 style=\"text-align: left;\"><a href=\"http:\/\/www.alvaroperdices.com\/en\/home\">&lt;<\/a><\/h3>\n<h3>\u00a0<\/h3>\n<p>[\/et_pb_text][\/et_pb_column][\/et_pb_row][\/et_pb_section][et_pb_section fb_built=\u00bb1&#8243; admin_label=\u00bbsection\u00bb _builder_version=\u00bb4.16&#8243; custom_margin=\u00bb0px|12%|0px|12%|false|false\u00bb custom_padding=\u00bb0px|0px|0px|0px|false|false\u00bb global_colors_info=\u00bb{}\u00bb][et_pb_row _builder_version=\u00bb4.16&#8243; _module_preset=\u00bbdefault\u00bb custom_margin=\u00bb0px|0px|0px|0px|false|false\u00bb custom_padding=\u00bb0px|0px|0px|0px|false|false\u00bb global_colors_info=\u00bb{}\u00bb][et_pb_column type=\u00bb4_4&#8243; _builder_version=\u00bb4.16&#8243; _module_preset=\u00bbdefault\u00bb global_colors_info=\u00bb{}\u00bb][et_pb_text _builder_version=\u00bb4.19.4&#8243; _module_preset=\u00bbdefault\u00bb custom_margin=\u00bb0px|0px|60px|0px|false|false\u00bb custom_padding=\u00bb0px|0px|0px|0px|false|false\u00bb hover_enabled=\u00bb0&#8243; global_colors_info=\u00bb{}\u00bb sticky_enabled=\u00bb0&#8243;]<\/p>\n<h3 style=\"text-align: left;\">Mirror and Kingdom\/ <br \/>Ornament and State<\/h3>\n<p>2022<\/p>\n<p>Installation<\/p>\n<p>[\/et_pb_text][\/et_pb_column][\/et_pb_row][et_pb_row column_structure=\u00bb1_3,2_3&#8243; admin_label=\u00bbrow\u00bb _builder_version=\u00bb4.16&#8243; background_size=\u00bbinitial\u00bb background_position=\u00bbtop_left\u00bb background_repeat=\u00bbrepeat\u00bb width=\u00bb100%\u00bb max_width=\u00bb2560px\u00bb custom_margin=\u00bb0px|0px|0px|0px|false|false\u00bb custom_padding=\u00bb0px|0px|0px|0px|false|false\u00bb global_colors_info=\u00bb{}\u00bb][et_pb_column type=\u00bb1_3&#8243; _builder_version=\u00bb4.16&#8243; custom_padding=\u00bb|||\u00bb global_colors_info=\u00bb{}\u00bb custom_padding__hover=\u00bb|||\u00bb][et_pb_text _builder_version=\u00bb4.19.4&#8243; background_color=\u00bbrgba(0,0,0,0)\u00bb background_size=\u00bbinitial\u00bb background_position=\u00bbtop_left\u00bb background_repeat=\u00bbrepeat\u00bb custom_padding=\u00bb|50px|||false|false\u00bb custom_padding_tablet=\u00bb|0px|||false|false\u00bb custom_padding_phone=\u00bb|0px|||false|false\u00bb custom_padding_last_edited=\u00bbon|desktop\u00bb hover_enabled=\u00bb0&#8243; global_colors_info=\u00bb{}\u00bb sticky_enabled=\u00bb0&#8243;]<\/p>\n<p><em>Espejo y Reino \/ Ornamento y Estado<\/em>\u00a0is an installation by artist \u00c1lvaro Perdices and curated by Mar\u00eda Virginia Jaua. The project \u2013 designed specifically for the spaces of the CA2M Centro de Arte Dos de Mayo \u2013 puts forward the concept of confronting the idea of the archive with the\u00a0<em>deconstruction<\/em>\u00a0of the notions of State and institution framed within the personal and the historical.<\/p>\n<p>We understand an archive to be the compendium and conservation of a past that has been lost due to the transformation of the institutional spaces responsible for collective memory; on the other hand, we consider\u00a0<em>deconstruction<\/em>\u00a0to be an exercise of questioning, dismantling and critical thought regarding the symbolic languages of representation, which are inherent when it comes to how narratives are read.<\/p>\n<p>Perdices\u2019s work, which he carried out in the exhibition department of the Prado Museum\u00a0 together with his own artistic practice, led him to express this thought that revolves around the research done on two important institutional spaces of the Spanish State\u2019s recent past; the Sal\u00f3n de Reinos in the Buen Retiro Palace \u2013 that for many years housed the Army Museum \u2013 and the woodworking workshops of the Oca\u00f1a Prison in Toledo.<\/p>\n<p>With this research and the idea of critical thinking at its core, this exhibition for the CA2M is an installation made up of several series of photographs that, by using visual archaeology, shows the dismantling of the Sal\u00f3n de Reinos \u2013 that has been recently remodelled \u2013 and includes a sculptural ensemble based on the furniture produced at the Oca\u00f1a prison, as well as two video screenings. The architectural mechanism that articulates these elements was created in collaboration with Estudio Herreros.<\/p>\n<p><strong><br \/><a href=\"https:\/\/ca2m.org\/exposiciones\/espejo-y-reino-ornamento-y-estado-alvaro-perdices\" target=\"_blank\" rel=\"noopener\">Museo Centro de Arte Dos de Mayo. CA2M &gt;<\/a><\/strong><\/p>\n<p><strong><a href=\"https:\/\/elpais.com\/babelia\/2022-03-12\/el-arte-del-remordimiento-espanol-en-el-ca2m.html\">Javier Montes. El Pais. El arte del remordimiento espa\u00f1ol &gt;<\/a><\/strong><\/p>\n<p><strong><a href=\"https:\/\/elpais.com\/eps\/2022-05-16\/alvaro-perdices-el-creador-que-convierte-la-ruina-estetica-espanola-en-arte.html\">Ianko L\u00f3pez. El Pais. \u00c1lvaro Perdices, el artista que reflexiona sobre la ruina est\u00e9tica espa\u00f1ola &gt;<\/a><\/strong><\/p>\n<p><strong><a href=\"https:\/\/ctxt.es\/es\/20220601\/Firmas\/39909\/Aurora-Fernandez-Polanco--cantar-patras-historia-adoctrinamiento.htm\">Aurora Fern\u00e1ndez Polanco. Contexto. Cantar patr\u00e1s. Abrir la historia son contemplaciones ( ni censuras) &gt;<\/a><\/strong><\/p>\n<p><strong><a href=\"https:\/\/www.rtve.es\/play\/audios\/arte-compacto-en-radio-5\/arte-compacto-radio-5-salon-reinos-memoria-registrada-alvaro-perdices\/6626880\/\">artecompacto. rtve &gt;<\/a><\/strong><\/p>\n<p><strong><a href=\"https:\/\/www.facebook.com\/luisfrancisco.perezredondo\/posts\/pfbid0xKRBfSwhmV6uX75LNucnZfeCbPgVH5PY5zuNfJRygUQyEV95s3kwxs1hDfoeiZb6l\">Luis Francisco P\u00e9rez. Espejo y Reino \/ Ornamento y Estado &gt;<\/a><\/strong><\/p>\n<p>&nbsp;<\/p>\n<p>All photos \u00a9Patri Nieto<\/p>\n<p>&nbsp;<\/p>\n<p>[\/et_pb_text][\/et_pb_column][et_pb_column type=\u00bb2_3&#8243; _builder_version=\u00bb4.16&#8243; custom_padding=\u00bb|||\u00bb global_colors_info=\u00bb{}\u00bb custom_padding__hover=\u00bb|||\u00bb][dmg_masonry_gallery gallery=\u00bb1570,1571,1572,1573,1574,1575,1576,1577,1578,1579,1580,1581,1582&#8243; columns=\u00bb1&#8243; images_size=\u00bbdmg_image_large\u00bb _builder_version=\u00bb4.16&#8243; _module_preset=\u00bbdefault\u00bb custom_margin=\u00bb0px|0px|0px|0px|false|false\u00bb custom_padding=\u00bb0px|0px|0px|0px|false|false\u00bb global_colors_info=\u00bb{}\u00bb][\/dmg_masonry_gallery][\/et_pb_column][\/et_pb_row][\/et_pb_section][et_pb_section fb_built=\u00bb1&#8243; fullwidth=\u00bbon\u00bb _builder_version=\u00bb4.16&#8243; _module_preset=\u00bbdefault\u00bb global_colors_info=\u00bb{}\u00bb][\/et_pb_section]<\/p>\n","protected":false},"excerpt":{"rendered":"<p>&lt; \u00a0Mirror and Kingdom\/ Ornament and State 2022 InstallationEspejo y Reino \/ Ornamento y Estado\u00a0is an installation by artist \u00c1lvaro Perdices and curated by Mar\u00eda Virginia Jaua. The project \u2013 designed specifically for the spaces of the CA2M Centro de Arte Dos de Mayo \u2013 puts forward the concept of confronting the idea of the [&hellip;]<\/p>\n","protected":false},"author":1,"featured_media":0,"parent":0,"menu_order":0,"comment_status":"closed","ping_status":"closed","template":"template-page-builder-no-sidebar.php","meta":{"_et_pb_use_builder":"on","_et_pb_old_content":"","_et_gb_content_width":""},"_links":{"self":[{"href":"http:\/\/www.alvaroperdices.com\/en\/wp-json\/wp\/v2\/pages\/1401"}],"collection":[{"href":"http:\/\/www.alvaroperdices.com\/en\/wp-json\/wp\/v2\/pages"}],"about":[{"href":"http:\/\/www.alvaroperdices.com\/en\/wp-json\/wp\/v2\/types\/page"}],"author":[{"embeddable":true,"href":"http:\/\/www.alvaroperdices.com\/en\/wp-json\/wp\/v2\/users\/1"}],"replies":[{"embeddable":true,"href":"http:\/\/www.alvaroperdices.com\/en\/wp-json\/wp\/v2\/comments?post=1401"}],"version-history":[{"count":13,"href":"http:\/\/www.alvaroperdices.com\/en\/wp-json\/wp\/v2\/pages\/1401\/revisions"}],"predecessor-version":[{"id":2206,"href":"http:\/\/www.alvaroperdices.com\/en\/wp-json\/wp\/v2\/pages\/1401\/revisions\/2206"}],"wp:attachment":[{"href":"http:\/\/www.alvaroperdices.com\/en\/wp-json\/wp\/v2\/media?parent=1401"}],"curies":[{"name":"wp","href":"https:\/\/api.w.org\/{rel}","templated":true}]}}

<p>[et_pb_section fb_built=»1&#8243; _builder_version=»4.16&#8243; _module_preset=»default» custom_margin=»60px|0px|80px|35px|false|false» custom_padding=»0px|0px|0px|0px|false|false» global_colors_info=»{}»][et_pb_row _builder_version=»4.16&#8243; _module_preset=»default» width=»100%» max_width=»2560px» custom_margin=»0px|0px|0px|0px|false|false» custom_padding=»0px|0px|0px|0px|false|false» global_colors_info=»{}»][et_pb_column type=»4_4&#8243; _builder_version=»4.16&#8243; _module_preset=»default» global_colors_info=»{}»][et_pb_text _builder_version=»4.16&#8243; _module_preset=»default» custom_margin=»0px|0px|0px|0px|false|false» custom_padding=»0px|0px|0px|0px|false|false» global_colors_info=»{}»]</p>
<h3 style="text-align: left;"><a href="http://www.alvaroperdices.com/en/home">&lt;</a></h3>
<h3> </h3>
<p>[/et_pb_text][/et_pb_column][/et_pb_row][/et_pb_section][et_pb_section fb_built=»1&#8243; admin_label=»section» _builder_version=»4.16&#8243; custom_margin=»0px|12%|0px|12%|false|false» custom_padding=»0px|0px|0px|0px|false|false» global_colors_info=»{}»][et_pb_row _builder_version=»4.16&#8243; _module_preset=»default» custom_margin=»0px|0px|0px|0px|false|false» custom_padding=»0px|0px|0px|0px|false|false» global_colors_info=»{}»][et_pb_column type=»4_4&#8243; _builder_version=»4.16&#8243; _module_preset=»default» global_colors_info=»{}»][et_pb_text _builder_version=»4.19.4&#8243; _module_preset=»default» custom_margin=»0px|0px|60px|0px|false|false» custom_padding=»0px|0px|0px|0px|false|false» hover_enabled=»0&#8243; global_colors_info=»{}» sticky_enabled=»0&#8243;]</p>
<h3 style="text-align: left;">Mirror and Kingdom/ <br />Ornament and State</h3>
<p>2022</p>
<p>Installation</p>
<p>[/et_pb_text][/et_pb_column][/et_pb_row][et_pb_row column_structure=»1_3,2_3&#8243; admin_label=»row» _builder_version=»4.16&#8243; background_size=»initial» background_position=»top_left» background_repeat=»repeat» width=»100%» max_width=»2560px» custom_margin=»0px|0px|0px|0px|false|false» custom_padding=»0px|0px|0px|0px|false|false» global_colors_info=»{}»][et_pb_column type=»1_3&#8243; _builder_version=»4.16&#8243; custom_padding=»|||» global_colors_info=»{}» custom_padding__hover=»|||»][et_pb_text _builder_version=»4.19.4&#8243; background_color=»rgba(0,0,0,0)» background_size=»initial» background_position=»top_left» background_repeat=»repeat» custom_padding=»|50px|||false|false» custom_padding_tablet=»|0px|||false|false» custom_padding_phone=»|0px|||false|false» custom_padding_last_edited=»on|desktop» hover_enabled=»0&#8243; global_colors_info=»{}» sticky_enabled=»0&#8243;]</p>
<p><em>Espejo y Reino / Ornamento y Estado</em> is an installation by artist Álvaro Perdices and curated by María Virginia Jaua. The project – designed specifically for the spaces of the CA2M Centro de Arte Dos de Mayo – puts forward the concept of confronting the idea of the archive with the <em>deconstruction</em> of the notions of State and institution framed within the personal and the historical.</p>
<p>We understand an archive to be the compendium and conservation of a past that has been lost due to the transformation of the institutional spaces responsible for collective memory; on the other hand, we consider <em>deconstruction</em> to be an exercise of questioning, dismantling and critical thought regarding the symbolic languages of representation, which are inherent when it comes to how narratives are read.</p>
<p>Perdices’s work, which he carried out in the exhibition department of the Prado Museum  together with his own artistic practice, led him to express this thought that revolves around the research done on two important institutional spaces of the Spanish State’s recent past; the Salón de Reinos in the Buen Retiro Palace – that for many years housed the Army Museum – and the woodworking workshops of the Ocaña Prison in Toledo.</p>
<p>With this research and the idea of critical thinking at its core, this exhibition for the CA2M is an installation made up of several series of photographs that, by using visual archaeology, shows the dismantling of the Salón de Reinos – that has been recently remodelled – and includes a sculptural ensemble based on the furniture produced at the Ocaña prison, as well as two video screenings. The architectural mechanism that articulates these elements was created in collaboration with Estudio Herreros.</p>
<p><strong><br /><a href="https://ca2m.org/exposiciones/espejo-y-reino-ornamento-y-estado-alvaro-perdices" target="_blank" rel="noopener">Museo Centro de Arte Dos de Mayo. CA2M &gt;</a></strong></p>
<p><strong><a href="https://elpais.com/babelia/2022-03-12/el-arte-del-remordimiento-espanol-en-el-ca2m.html">Javier Montes. El Pais. El arte del remordimiento español &gt;</a></strong></p>
<p><strong><a href="https://elpais.com/eps/2022-05-16/alvaro-perdices-el-creador-que-convierte-la-ruina-estetica-espanola-en-arte.html">Ianko López. El Pais. Álvaro Perdices, el artista que reflexiona sobre la ruina estética española &gt;</a></strong></p>
<p><strong><a href="https://ctxt.es/es/20220601/Firmas/39909/Aurora-Fernandez-Polanco--cantar-patras-historia-adoctrinamiento.htm">Aurora Fernández Polanco. Contexto. Cantar patrás. Abrir la historia son contemplaciones ( ni censuras) &gt;</a></strong></p>
<p><strong><a href="https://www.rtve.es/play/audios/arte-compacto-en-radio-5/arte-compacto-radio-5-salon-reinos-memoria-registrada-alvaro-perdices/6626880/">artecompacto. rtve &gt;</a></strong></p>
<p><strong><a href="https://www.facebook.com/luisfrancisco.perezredondo/posts/pfbid0xKRBfSwhmV6uX75LNucnZfeCbPgVH5PY5zuNfJRygUQyEV95s3kwxs1hDfoeiZb6l">Luis Francisco Pérez. Espejo y Reino / Ornamento y Estado &gt;</a></strong></p>
<p>&nbsp;</p>
<p>All photos ©Patri Nieto</p>
<p>&nbsp;</p>
<p>[/et_pb_text][/et_pb_column][et_pb_column type=»2_3&#8243; _builder_version=»4.16&#8243; custom_padding=»|||» global_colors_info=»{}» custom_padding__hover=»|||»][dmg_masonry_gallery gallery=»1570,1571,1572,1573,1574,1575,1576,1577,1578,1579,1580,1581,1582&#8243; columns=»1&#8243; images_size=»dmg_image_large» _builder_version=»4.16&#8243; _module_preset=»default» custom_margin=»0px|0px|0px|0px|false|false» custom_padding=»0px|0px|0px|0px|false|false» global_colors_info=»{}»][/dmg_masonry_gallery][/et_pb_column][/et_pb_row][/et_pb_section][et_pb_section fb_built=»1&#8243; fullwidth=»on» _builder_version=»4.16&#8243; _module_preset=»default» global_colors_info=»{}»][/et_pb_section]</p>

<p>&lt;  Mirror and Kingdom/ Ornament and State 2022 InstallationEspejo y Reino / Ornamento y Estado is an installation by artist Álvaro Perdices and curated by María Virginia Jaua. The project – designed specifically for the spaces of the CA2M Centro de Arte Dos de Mayo – puts forward the concept of confronting the idea of the [&hellip;]</p>
